 3662?
3
What is the hundreds digit of 4758?
7
What is the thousands digit of 5678?
5
What is the thousands digit of 5421?
5
What is the ten thousands digit of 51652?
5
What is the hundreds digit of 384?
3
What is the ten thousands digit of 81898?
8
What is the ten thousands digit of 55939?
5
What is the tens digit of 2018?
1
What is the units digit of 78571?
1
What is the tens digit of 12420?
2
What is the hundreds digit of 1371?
3
What is the hundreds digit of 20011?
0
What is the tens digit of 2124?
2
What is the tens digit of 2298?
9
What is the hundreds digit of 132838?
8
What is the units digit of 3160?
0
What is the hundreds digit of 2444?
4
What is the units digit of 1207?
7
What is the tens digit of 5870?
7
What is the ten thousands digit of 10924?
1
What is the tens digit of 6563?
6
What is the hundreds digit of 78897?
8
What is the hundreds digit of 49005?
0
What is the hundreds digit of 88975?
9
What is the tens digit of 4847?
4
What is the units digit of 1960?
0
What is the hundreds digit of 99226?
2
What is the tens digit of 1028?
2
What is the thousands digit of 17885?
7
What is the hundreds digit of 1120?
1
What is the hundreds digit of 16185?
1
What is the ten thousands digit of 74260?
7
What is the units digit of 5?
5
What is the thousands digit of 4742?
4
What is the hundreds digit of 228?
2
What is the thousands digit of 76466?
6
What is the units digit of 7793?
3
What is the ten thousands digit of 34030?
3
What is the thousands digit of 2548?
2
What is the tens digit of 2836?
3
What is the thousands digit of 1013?
1
What is the hundreds digit of 739?
7
What is the tens digit of 8477?
7
What is the units digit of 4463?
3
What is the units digit of 2368?
8
What is the units digit of 1394?
4
What is the thousands digit of 16873?
6
What is the hundreds digit of 270?
2
What is the tens digit of 2541?
4
What is the ten thousands digit of 87045?
8
What is the tens digit of 5280?
8
What is the tens digit of 25602?
0
What is the ten thousands digit of 17748?
1
What is the hundreds digit of 8421?
4
What is the tens digit of 4884?
8
What is the ten thousands digit of 58530?
5
What is the ten thousands digit of 20531?
2
What is the units digit of 4550?
0
What is the units digit of 526?
6
What is the tens digit of 262?
6
What is the thousands digit of 27222?
7
What is the thousands digit of 1579?
1
What is the ten thousands digit of 16956?
1
What is the ten thousands digit of 47038?
4
What is the hundreds digit of 688?
6
What is the thousands digit of 1838?
1
What is the thousands digit of 4326?
4
What is the units digit of 58?
8
What is the hundreds digit of 959?
9
What is the hundreds digit of 80120?
1
What is the hundreds digit of 1383?
3
What is the hundreds digit of 4102?
1
What is the tens digit of 7896?
9
What is the thousands digit of 7016?
7
What is the tens digit of 69?
6
What is the ten thousands digit of 12273?
1
What is the ten thousands digit of 23791?
2
What is the hundreds digit of 844?
8
What is the thousands digit of 49564?
9
What is the hundreds digit of 21438?
4
What is the tens digit of 30195?
9
What is the hundreds digit of 700?
7
What is the ten thousands digit of 61292?
6
What is the units digit of 6559?
9
What is the units digit of 101?
1
What is the tens digit of 771?
7
What is the hundreds digit of 795?
7
What is the tens digit of 352?
5
What is the tens digit of 2172?
7
What is the tens digit of 2666?
6
What is the tens digit of 2210?
1
What is the hundreds digit of 1990?
9
What is the hundreds digit of 4239?
2
What is the thousands digit of 1524?
1
What is the tens digit of 67233?
3
What is the tens digit of 51784?
8
What is the units digit of 25368?
8
What is the hundreds digit of 34739?
7
What is the ten thousands digit of 10173?
1
What is the units digit of 690?
0
What is the thousands digit of 2519?
2
What is the tens digit of 1338?
3
What is the thousands digit of 1516?
1
What is the tens digit of 663?
6
What is the units digit of 16940?
0
What is the thousands digit of 13957?
3
What is the thousands digit of 5330?
5
What is the units digit of 787?
7
What is the tens digit of 1666?
6
What is the units digit of 31370?
0
What is the ten thousands digit of 39181?
3
What is the ten thousands digit of 101026?
0
What is the hundreds digit of 2037?
0
What is the tens digit of 487?
8
What is the units digit of 57189?
9
What is the thousands digit of 48535?
8
What is the tens digit of 5799?
9
What is the hundreds digit of 5291?
2
What is the units digit of 223?
3
What is the tens digit of 18639?
3
What is the hundreds digit of 2637?
6
What is the tens digit of 89879?
7
What is the hundreds digit of 836?
8
What is the units digit of 833?
3
What is the hundreds digit of 431?
4
What is the hundreds digit of 9217?
2
What is the units digit of 241?
1
What is the thousands digit of 1451?
1
What is the hundreds digit of 68053?
0
What is the ten thousands digit of 86109?
8
What is the thousands digit of 8261?
8
What is the tens digit of 952?
5
What is the hundreds digit of 921?
9
What is the thousands digit of 8713?
8
What is the hundreds digit of 2705?
7
What is the thousands digit of 24799?
4
What is the units digit of 610?
0
What is the ten thousands digit of 13632?
1
What is the hundreds digit of 17225?
2
What is the tens digit of 3936?
3
What is the units digit of 838?
8
What is the hundreds digit of 4597?
5
What is the tens digit of 651?
5
What is the hundreds digit of 826?
8
What is the tens digit of 7772?
7
What is the hundreds digit of 848?
8
What is the tens digit of 78?
7
What is the tens digit of 929?
2
What is the tens digit of 48605?
0
What is the ten thousands digit of 26103?
2
What is the thousands digit of 1264?
1
What is the ten thousands digit of 34779?
3
What is the tens digit of 31107?
0
What is the tens digit of 394?
9
What is the tens digit of 3266?
6
What is the tens digit of 2072?
7
What is the units digit of 534?
4
What is the tens digit of 2135?
3
What is the thousands digit of 56815?
6
What is the units digit of 119288?
8
What is the hundreds digit of 4935?
9
What is the thousands digit of 13775?
3
What is the hundreds digit of 885?
8
What is the hundreds digit of 28596?
5
What is the units digit of 1772?
2
What is the tens digit of 1917?
1
What is the hundreds digit of 18032?
0
What is the tens digit of 14714?
1
What is the tens digit of 312?
1
What is the hundreds digit of 254?
2
What is the hundreds digit of 55767?
7
What is the units digit of 228?
8
What is the hundreds digit of 2241?
2
What is the hundreds digit of 302?
3
What is the hundreds digit of 3319?
3
What is the hundreds digit of 89747?
7
What is the hundreds digit of 8024?
0
What is the tens digit of 4062?
6
What is the units digit of 32663?
3
What is the thousands digit of 4923?
4
What is the units digit of 9481?
1
What is the hundreds digit of 677?
6
What is the units digit of 1621?
1
What is the hundreds digit of 3505?
5
What is the tens digit of 3803?
0
What is the hundreds digit of 9700?
7
What is the hundreds digit of 1030?
0
What is the tens digit of 4989?
8
What is the hundreds digit of 796?
7
What is the tens digit of 290?
9
What is the ten thousands digit of 20946?
2
What is the tens digit of 3492?
9
What is the tens digit of 38629?
2
What is the ten thousands digit of 19354?
1
What is the hundreds digit of 18258?
2
What is the hundreds digit of 17579?
5
What is the hundreds digit of 18704?
7
What is the units digit of 2422?
2
What is the tens digit of 45217?
1
What is the tens digit of 201?
0
What is the hundreds digit of 540?
5
What is the ten thousands digit of 126413?
2
What is the thousands digit of 4238?
4
What is the units digit of 827?
7
What is the tens digit of 557?
5
What is the tens digit of 1393?
9
What is the thousands digit of 8047?
8
What is the tens digit of 2555?
5
What is the hundreds digit of 9199?
1
What is the thousands digit of 2796?
2
What is the hundreds digit of 126?
1
What is the thousands digit of 9715?
9
What is the thousands digit of 24960?
4
What is the hundreds digit of 1256?
2
What is the units digit of 661?
1
What is the hundreds digit of 134525?
5
What is the tens digit of 107812?
1
What is the units digit of 13874?
4
What is the tens digit of 3055?
5
What is the units digit of